{"id":14933,"date":"2025-01-12T19:44:05","date_gmt":"2025-01-13T00:44:05","guid":{"rendered":"https:\/\/pronterrestre.com\/sa\/?page_id=14933"},"modified":"2025-02-18T19:45:22","modified_gmt":"2025-02-19T00:45:22","slug":"consolidacion-y-desconsolidacion-de-los-despachos","status":"publish","type":"page","link":"https:\/\/pronterrestre.com\/sa\/consolidacion-y-desconsolidacion-de-los-despachos\/","title":{"rendered":"Consolidaci\u00f3n y desconsolidaci\u00f3n de los despachos"},"content":{"rendered":"\t\t<div data-elementor-type=\"wp-page\" data-elementor-id=\"14933\" class=\"elementor elementor-14933\" data-elementor-settings=\"{&quot;ha_cmc_init_switcher&quot;:&quot;no&quot;}\" data-elementor-post-type=\"page\">\n\t\t\t\t<div class=\"elementor-element elementor-element-74b9e91 e-con-full e-flex e-con e-parent\" data-id=\"74b9e91\" data-element_type=\"container\" data-e-type=\"container\" data-settings=\"{&quot;background_background&quot;:&quot;classic&quot;,&quot;shape_divider_top&quot;:&quot;mountains&quot;,&quot;background_motion_fx_motion_fx_scrolling&quot;:&quot;yes&quot;,&quot;background_motion_fx_motion_fx_mouse&quot;:&quot;yes&quot;,&quot;background_motion_fx_mouseTrack_effect&quot;:&quot;yes&quot;,&quot;background_motion_fx_devices&quot;:[&quot;desktop&quot;,&quot;tablet&quot;,&quot;mobile&quot;],&quot;background_motion_fx_mouseTrack_speed&quot;:{&quot;unit&quot;:&quot;px&quot;,&quot;size&quot;:1,&quot;sizes&quot;:[]},&quot;_ha_eqh_enable&quot;:false}\">\n\t\t\t\t<div class=\"elementor-shape elementor-shape-top\" aria-hidden=\"true\" data-negative=\"false\">\n\t\t\t<svg xmlns=\"http:\/\/www.w3.org\/2000\/svg\" viewBox=\"0 0 1000 100\" preserveAspectRatio=\"none\">\n\t<path class=\"elementor-shape-fill\" opacity=\"0.33\" d=\"M473,67.3c-203.9,88.3-263.1-34-320.3,0C66,119.1,0,59.7,0,59.7V0h1000v59.7 c0,0-62.1,26.1-94.9,29.3c-32.8,3.3-62.8-12.3-75.8-22.1C806,49.6,745.3,8.7,694.9,4.7S492.4,59,473,67.3z\"\/>\n\t<path class=\"elementor-shape-fill\" opacity=\"0.66\" d=\"M734,67.3c-45.5,0-77.2-23.2-129.1-39.1c-28.6-8.7-150.3-10.1-254,39.1 s-91.7-34.4-149.2,0C115.7,118.3,0,39.8,0,39.8V0h1000v36.5c0,0-28.2-18.5-92.1-18.5C810.2,18.1,775.7,67.3,734,67.3z\"\/>\n\t<path class=\"elementor-shape-fill\" d=\"M766.1,28.9c-200-57.5-266,65.5-395.1,19.5C242,1.8,242,5.4,184.8,20.6C128,35.8,132.3,44.9,89.9,52.5C28.6,63.7,0,0,0,0 h1000c0,0-9.9,40.9-83.6,48.1S829.6,47,766.1,28.9z\"\/>\n<\/svg>\t\t<\/div>\n\t\t<div class=\"elementor-element elementor-element-9a1a33c e-con-full e-flex e-con e-child\" data-id=\"9a1a33c\" data-element_type=\"container\" data-e-type=\"container\" data-settings=\"{&quot;_ha_eqh_enable&quot;:false}\">\n\t\t\t\t<div class=\"elementor-element elementor-element-a8a83c8 elementor-widget elementor-widget-heading\" data-id=\"a8a83c8\" data-element_type=\"widget\" data-e-type=\"widget\" data-widget_type=\"heading.default\">\n\t\t\t\t<div class=\"elementor-widget-container\">\n\t\t\t\t\t<h2 class=\"elementor-heading-title elementor-size-default\">CONSOLIDACI\u00d3N Y DESCONSOLIDACI\u00d3N\nDE CARGA<\/h2>\t\t\t\t<\/div>\n\t\t\t\t<\/div>\n\t\t\t\t<\/div>\n\t\t\t\t<\/div>\n\t\t<div class=\"elementor-element elementor-element-013dfc8 e-flex e-con-boxed e-con e-parent\" data-id=\"013dfc8\" data-element_type=\"container\" data-e-type=\"container\" data-settings=\"{&quot;shape_divider_bottom&quot;:&quot;triangle-asymmetrical&quot;,&quot;_ha_eqh_enable&quot;:false}\">\n\t\t\t\t\t<div class=\"e-con-inner\">\n\t\t\t\t<div class=\"elementor-shape elementor-shape-bottom\" aria-hidden=\"true\" data-negative=\"false\">\n\t\t\t<svg xmlns=\"http:\/\/www.w3.org\/2000\/svg\" viewBox=\"0 0 1000 100\" preserveAspectRatio=\"none\">\n\t<path class=\"elementor-shape-fill\" d=\"M738,99l262-93V0H0v5.6L738,99z\"\/>\n<\/svg>\t\t<\/div>\n\t\t<div class=\"elementor-element elementor-element-b8a2cac e-con-full e-flex e-con e-child\" data-id=\"b8a2cac\" data-element_type=\"container\" data-e-type=\"container\" data-settings=\"{&quot;motion_fx_motion_fx_scrolling&quot;:&quot;yes&quot;,&quot;motion_fx_translateY_effect&quot;:&quot;yes&quot;,&quot;_ha_eqh_enable&quot;:false,&quot;motion_fx_translateY_speed&quot;:{&quot;unit&quot;:&quot;px&quot;,&quot;size&quot;:4,&quot;sizes&quot;:[]},&quot;motion_fx_translateY_affectedRange&quot;:{&quot;unit&quot;:&quot;%&quot;,&quot;size&quot;:&quot;&quot;,&quot;sizes&quot;:{&quot;start&quot;:0,&quot;end&quot;:100}},&quot;motion_fx_devices&quot;:[&quot;desktop&quot;,&quot;tablet&quot;,&quot;mobile&quot;]}\">\n\t\t\t\t<div class=\"elementor-element elementor-element-9251925 elementor-widget elementor-widget-image\" data-id=\"9251925\" data-element_type=\"widget\" data-e-type=\"widget\" data-widget_type=\"image.default\">\n\t\t\t\t<div class=\"elementor-widget-container\">\n\t\t\t\t\t\t\t\t\t\t\t\t\t\t\t<img decoding=\"async\" src=\"https:\/\/pronterrestre.com\/sa\/wp-content\/uploads\/elementor\/thumbs\/consolidacion1a-r1fa5q2140fq9lpsfukguz4nnhpdnhoyargrfug7a8.jpg\" title=\"consolidacion1a\" alt=\"consolidacion1a\" loading=\"lazy\" \/>\t\t\t\t\t\t\t\t\t\t\t\t\t\t\t<\/div>\n\t\t\t\t<\/div>\n\t\t\t\t<\/div>\n\t\t<div class=\"elementor-element elementor-element-7a704ca e-con-full e-flex e-con e-child\" data-id=\"7a704ca\" data-element_type=\"container\" data-e-type=\"container\" data-settings=\"{&quot;_ha_eqh_enable&quot;:false}\">\n\t\t\t\t<div class=\"elementor-element elementor-element-8b6ba4c elementor-widget elementor-widget-text-editor\" data-id=\"8b6ba4c\" data-element_type=\"widget\" data-e-type=\"widget\" data-widget_type=\"text-editor.default\">\n\t\t\t\t<div class=\"elementor-widget-container\">\n\t\t\t\t\t\t\t\t\t<div><p style=\"text-align: justify;\">Ofrecemos un servicio especializado de consolidaci\u00f3n y desconsolidaci\u00f3n de carga, dise\u00f1ado para optimizar el transporte, reducir costos y mejorar la eficiencia en la cadena de suministro.<\/p><p style=\"text-align: justify;\">La consolidaci\u00f3n de carga consiste en agrupar m\u00faltiples env\u00edos peque\u00f1os en una sola unidad de transporte m\u00e1s grande. Esto permite a las empresas optimizar el espacio disponible, reducir costos log\u00edsticos y mejorar los tiempos de entrega.<\/p><p style=\"text-align: justify;\">Por otro lado, la desconsolidaci\u00f3n de carga facilita la separaci\u00f3n y distribuci\u00f3n eficiente de mercanc\u00edas en sus destinos finales, garantizando un manejo seguro y organizado de cada env\u00edo.<\/p><p style=\"text-align: justify;\">\u00bfC\u00f3mo funciona nuestro servicio?<br \/>Recepci\u00f3n y almacenamiento temporal de productos en nuestras instalaciones.<br \/>Clasificaci\u00f3n y organizaci\u00f3n de env\u00edos seg\u00fan destino, tama\u00f1o y tipo de mercanc\u00eda.<\/p><p style=\"text-align: justify;\">Gesti\u00f3n documental precisa para agilizar tr\u00e1mites y evitar retrasos.<br \/>Seguridad y estabilidad en los env\u00edos, asegurando que la carga llegue en \u00f3ptimas condiciones.<br \/>Monitoreo en tiempo real, brindando visibilidad y control durante todo el proceso log\u00edstico.<\/p><\/div>\t\t\t\t\t\t\t\t<\/div>\n\t\t\t\t<\/div>\n\t\t\t\t<\/div>\n\t\t\t\t\t<\/div>\n\t\t\t\t<\/div>\n\t\t<div class=\"elementor-element elementor-element-501e856 e-flex e-con-boxed e-con e-parent\" data-id=\"501e856\" data-element_type=\"container\" data-e-type=\"container\" data-settings=\"{&quot;background_background&quot;:&quot;classic&quot;,&quot;shape_divider_bottom&quot;:&quot;triangle-asymmetrical&quot;,&quot;_ha_eqh_enable&quot;:false}\">\n\t\t\t\t\t<div class=\"e-con-inner\">\n\t\t\t\t<div class=\"elementor-shape elementor-shape-bottom\" aria-hidden=\"true\" data-negative=\"false\">\n\t\t\t<svg xmlns=\"http:\/\/www.w3.org\/2000\/svg\" viewBox=\"0 0 1000 100\" preserveAspectRatio=\"none\">\n\t<path class=\"elementor-shape-fill\" d=\"M738,99l262-93V0H0v5.6L738,99z\"\/>\n<\/svg>\t\t<\/div>\n\t\t<div class=\"elementor-element elementor-element-3d4406a e-con-full e-flex e-con e-child\" data-id=\"3d4406a\" data-element_type=\"container\" data-e-type=\"container\" data-settings=\"{&quot;_ha_eqh_enable&quot;:false}\">\n\t\t\t\t<div class=\"elementor-element elementor-element-95efc7f elementor-widget elementor-widget-text-editor\" data-id=\"95efc7f\" data-element_type=\"widget\" data-e-type=\"widget\" data-widget_type=\"text-editor.default\">\n\t\t\t\t<div class=\"elementor-widget-container\">\n\t\t\t\t\t\t\t\t\t<p style=\"text-align: justify;\"><strong>Beneficios de la consolidaci\u00f3n de carga:<\/strong><br \/>\u2705 Reducci\u00f3n de costos operativos al compartir el espacio de transporte.<br \/>\u2705 Mayor eficiencia log\u00edstica, optimizando rutas y tiempos de entrega.<br \/>\u2705 Menor impacto ambiental, reduciendo la cantidad de viajes y emisiones de CO\u2082.<br \/>\u2705 Satisfacci\u00f3n del cliente, garantizando entregas m\u00e1s r\u00e1pidas y organizadas.<\/p><p>Nuestro servicio est\u00e1 dise\u00f1ado para empresas que buscan una soluci\u00f3n flexible y rentable en la gesti\u00f3n de su log\u00edstica de transporte.<\/p>\t\t\t\t\t\t\t\t<\/div>\n\t\t\t\t<\/div>\n\t\t\t\t<\/div>\n\t\t<div class=\"elementor-element elementor-element-9001515 e-con-full e-flex e-con e-child\" data-id=\"9001515\" data-element_type=\"container\" data-e-type=\"container\" data-settings=\"{&quot;motion_fx_motion_fx_scrolling&quot;:&quot;yes&quot;,&quot;motion_fx_translateY_effect&quot;:&quot;yes&quot;,&quot;_ha_eqh_enable&quot;:false,&quot;motion_fx_translateY_speed&quot;:{&quot;unit&quot;:&quot;px&quot;,&quot;size&quot;:4,&quot;sizes&quot;:[]},&quot;motion_fx_translateY_affectedRange&quot;:{&quot;unit&quot;:&quot;%&quot;,&quot;size&quot;:&quot;&quot;,&quot;sizes&quot;:{&quot;start&quot;:0,&quot;end&quot;:100}},&quot;motion_fx_devices&quot;:[&quot;desktop&quot;,&quot;tablet&quot;,&quot;mobile&quot;]}\">\n\t\t\t\t<div class=\"elementor-element elementor-element-fe73005 elementor-widget elementor-widget-image\" data-id=\"fe73005\" data-element_type=\"widget\" data-e-type=\"widget\" data-widget_type=\"image.default\">\n\t\t\t\t<div class=\"elementor-widget-container\">\n\t\t\t\t\t\t\t\t\t\t\t\t\t\t\t<img decoding=\"async\" src=\"https:\/\/pronterrestre.com\/sa\/wp-content\/uploads\/elementor\/thumbs\/consolidacion1-r1fa5q2140fq9lpsfukguz4nnhpdnhoyargrfug7a8.jpg\" title=\"consolidacion1\" alt=\"consolidacion1\" loading=\"lazy\" \/>\t\t\t\t\t\t\t\t\t\t\t\t\t\t\t<\/div>\n\t\t\t\t<\/div>\n\t\t\t\t<\/div>\n\t\t\t\t\t<\/div>\n\t\t\t\t<\/div>\n\t\t\t\t<\/div>\n\t\t","protected":false},"excerpt":{"rendered":"<p>CONSOLIDACI\u00d3N Y DESCONSOLIDACI\u00d3N DE CARGA Ofrecemos un servicio especializado de consolidaci\u00f3n y desconsolidaci\u00f3n de carga, dise\u00f1ado para optimizar el transporte, reducir costos y mejorar la eficiencia en la cadena de suministro. La consolidaci\u00f3n de carga consiste en agrupar m\u00faltiples env\u00edos peque\u00f1os en una sola unidad de transporte m\u00e1s grande. Esto permite a las empresas optimizar [&hellip;]<\/p>\n","protected":false},"author":1,"featured_media":0,"parent":0,"menu_order":0,"comment_status":"closed","ping_status":"closed","template":"elementor_header_footer","meta":{"_joinchat":[],"footnotes":""},"folder":[],"class_list":["post-14933","page","type-page","status-publish","hentry"],"_links":{"self":[{"href":"https:\/\/pronterrestre.com\/sa\/wp-json\/wp\/v2\/pages\/14933","targetHints":{"allow":["GET"]}}],"collection":[{"href":"https:\/\/pronterrestre.com\/sa\/wp-json\/wp\/v2\/pages"}],"about":[{"href":"https:\/\/pronterrestre.com\/sa\/wp-json\/wp\/v2\/types\/page"}],"author":[{"embeddable":true,"href":"https:\/\/pronterrestre.com\/sa\/wp-json\/wp\/v2\/users\/1"}],"replies":[{"embeddable":true,"href":"https:\/\/pronterrestre.com\/sa\/wp-json\/wp\/v2\/comments?post=14933"}],"version-history":[{"count":10,"href":"https:\/\/pronterrestre.com\/sa\/wp-json\/wp\/v2\/pages\/14933\/revisions"}],"predecessor-version":[{"id":15589,"href":"https:\/\/pronterrestre.com\/sa\/wp-json\/wp\/v2\/pages\/14933\/revisions\/15589"}],"wp:attachment":[{"href":"https:\/\/pronterrestre.com\/sa\/wp-json\/wp\/v2\/media?parent=14933"}],"wp:term":[{"taxonomy":"folder","embeddable":true,"href":"https:\/\/pronterrestre.com\/sa\/wp-json\/wp\/v2\/folder?post=14933"}],"curies":[{"name":"wp","href":"https:\/\/api.w.org\/{rel}","templated":true}]}}

Consolidación y desconsolidación de los despachos

<div data-elementor-type="wp-page" data-elementor-id="14933" class="elementor elementor-14933" data-elementor-settings="{&quot;ha_cmc_init_switcher&quot;:&quot;no&quot;}" data-elementor-post-type="page">
				<div class="elementor-element elementor-element-74b9e91 e-con-full e-flex e-con e-parent" data-id="74b9e91" data-element_type="container" data-e-type="container" data-settings="{&quot;background_background&quot;:&quot;classic&quot;,&quot;shape_divider_top&quot;:&quot;mountains&quot;,&quot;background_motion_fx_motion_fx_scrolling&quot;:&quot;yes&quot;,&quot;background_motion_fx_motion_fx_mouse&quot;:&quot;yes&quot;,&quot;background_motion_fx_mouseTrack_effect&quot;:&quot;yes&quot;,&quot;background_motion_fx_devices&quot;:[&quot;desktop&quot;,&quot;tablet&quot;,&quot;mobile&quot;],&quot;background_motion_fx_mouseTrack_speed&quot;:{&quot;unit&quot;:&quot;px&quot;,&quot;size&quot;:1,&quot;sizes&quot;:[]},&quot;_ha_eqh_enable&quot;:false}">
				<div class="elementor-shape elementor-shape-top" aria-hidden="true" data-negative="false">
			<svg xmlns="http://www.w3.org/2000/svg" viewBox="0 0 1000 100" preserveAspectRatio="none">
	<path class="elementor-shape-fill" opacity="0.33" d="M473,67.3c-203.9,88.3-263.1-34-320.3,0C66,119.1,0,59.7,0,59.7V0h1000v59.7 c0,0-62.1,26.1-94.9,29.3c-32.8,3.3-62.8-12.3-75.8-22.1C806,49.6,745.3,8.7,694.9,4.7S492.4,59,473,67.3z"/>
	<path class="elementor-shape-fill" opacity="0.66" d="M734,67.3c-45.5,0-77.2-23.2-129.1-39.1c-28.6-8.7-150.3-10.1-254,39.1 s-91.7-34.4-149.2,0C115.7,118.3,0,39.8,0,39.8V0h1000v36.5c0,0-28.2-18.5-92.1-18.5C810.2,18.1,775.7,67.3,734,67.3z"/>
	<path class="elementor-shape-fill" d="M766.1,28.9c-200-57.5-266,65.5-395.1,19.5C242,1.8,242,5.4,184.8,20.6C128,35.8,132.3,44.9,89.9,52.5C28.6,63.7,0,0,0,0 h1000c0,0-9.9,40.9-83.6,48.1S829.6,47,766.1,28.9z"/>
</svg>		</div>
		<div class="elementor-element elementor-element-9a1a33c e-con-full e-flex e-con e-child" data-id="9a1a33c" data-element_type="container" data-e-type="container" data-settings="{&quot;_ha_eqh_enable&quot;:false}">
				<div class="elementor-element elementor-element-a8a83c8 elementor-widget elementor-widget-heading" data-id="a8a83c8" data-element_type="widget" data-e-type="widget" data-widget_type="heading.default">
				<div class="elementor-widget-container">
					<h2 class="elementor-heading-title elementor-size-default">CONSOLIDACIÓN Y DESCONSOLIDACIÓN
DE CARGA</h2>				</div>
				</div>
				</div>
				</div>
		<div class="elementor-element elementor-element-013dfc8 e-flex e-con-boxed e-con e-parent" data-id="013dfc8" data-element_type="container" data-e-type="container" data-settings="{&quot;shape_divider_bottom&quot;:&quot;triangle-asymmetrical&quot;,&quot;_ha_eqh_enable&quot;:false}">
					<div class="e-con-inner">
				<div class="elementor-shape elementor-shape-bottom" aria-hidden="true" data-negative="false">
			<svg xmlns="http://www.w3.org/2000/svg" viewBox="0 0 1000 100" preserveAspectRatio="none">
	<path class="elementor-shape-fill" d="M738,99l262-93V0H0v5.6L738,99z"/>
</svg>		</div>
		<div class="elementor-element elementor-element-b8a2cac e-con-full e-flex e-con e-child" data-id="b8a2cac" data-element_type="container" data-e-type="container" data-settings="{&quot;motion_fx_motion_fx_scrolling&quot;:&quot;yes&quot;,&quot;motion_fx_translateY_effect&quot;:&quot;yes&quot;,&quot;_ha_eqh_enable&quot;:false,&quot;motion_fx_translateY_speed&quot;:{&quot;unit&quot;:&quot;px&quot;,&quot;size&quot;:4,&quot;sizes&quot;:[]},&quot;motion_fx_translateY_affectedRange&quot;:{&quot;unit&quot;:&quot;%&quot;,&quot;size&quot;:&quot;&quot;,&quot;sizes&quot;:{&quot;start&quot;:0,&quot;end&quot;:100}},&quot;motion_fx_devices&quot;:[&quot;desktop&quot;,&quot;tablet&quot;,&quot;mobile&quot;]}">
				<div class="elementor-element elementor-element-9251925 elementor-widget elementor-widget-image" data-id="9251925" data-element_type="widget" data-e-type="widget" data-widget_type="image.default">
				<div class="elementor-widget-container">
															<img decoding="async" src="https://pronterrestre.com/sa/wp-content/uploads/elementor/thumbs/consolidacion1a-r1fa5q2140fq9lpsfukguz4nnhpdnhoyargrfug7a8.jpg" title="consolidacion1a" alt="consolidacion1a" loading="lazy" />															</div>
				</div>
				</div>
		<div class="elementor-element elementor-element-7a704ca e-con-full e-flex e-con e-child" data-id="7a704ca" data-element_type="container" data-e-type="container" data-settings="{&quot;_ha_eqh_enable&quot;:false}">
				<div class="elementor-element elementor-element-8b6ba4c elementor-widget elementor-widget-text-editor" data-id="8b6ba4c" data-element_type="widget" data-e-type="widget" data-widget_type="text-editor.default">
				<div class="elementor-widget-container">
									<div><p style="text-align: justify;">Ofrecemos un servicio especializado de consolidación y desconsolidación de carga, diseñado para optimizar el transporte, reducir costos y mejorar la eficiencia en la cadena de suministro.</p><p style="text-align: justify;">La consolidación de carga consiste en agrupar múltiples envíos pequeños en una sola unidad de transporte más grande. Esto permite a las empresas optimizar el espacio disponible, reducir costos logísticos y mejorar los tiempos de entrega.</p><p style="text-align: justify;">Por otro lado, la desconsolidación de carga facilita la separación y distribución eficiente de mercancías en sus destinos finales, garantizando un manejo seguro y organizado de cada envío.</p><p style="text-align: justify;">¿Cómo funciona nuestro servicio?<br />Recepción y almacenamiento temporal de productos en nuestras instalaciones.<br />Clasificación y organización de envíos según destino, tamaño y tipo de mercancía.</p><p style="text-align: justify;">Gestión documental precisa para agilizar trámites y evitar retrasos.<br />Seguridad y estabilidad en los envíos, asegurando que la carga llegue en óptimas condiciones.<br />Monitoreo en tiempo real, brindando visibilidad y control durante todo el proceso logístico.</p></div>								</div>
				</div>
				</div>
					</div>
				</div>
		<div class="elementor-element elementor-element-501e856 e-flex e-con-boxed e-con e-parent" data-id="501e856" data-element_type="container" data-e-type="container" data-settings="{&quot;background_background&quot;:&quot;classic&quot;,&quot;shape_divider_bottom&quot;:&quot;triangle-asymmetrical&quot;,&quot;_ha_eqh_enable&quot;:false}">
					<div class="e-con-inner">
				<div class="elementor-shape elementor-shape-bottom" aria-hidden="true" data-negative="false">
			<svg xmlns="http://www.w3.org/2000/svg" viewBox="0 0 1000 100" preserveAspectRatio="none">
	<path class="elementor-shape-fill" d="M738,99l262-93V0H0v5.6L738,99z"/>
</svg>		</div>
		<div class="elementor-element elementor-element-3d4406a e-con-full e-flex e-con e-child" data-id="3d4406a" data-element_type="container" data-e-type="container" data-settings="{&quot;_ha_eqh_enable&quot;:false}">
				<div class="elementor-element elementor-element-95efc7f elementor-widget elementor-widget-text-editor" data-id="95efc7f" data-element_type="widget" data-e-type="widget" data-widget_type="text-editor.default">
				<div class="elementor-widget-container">
									<p style="text-align: justify;"><strong>Beneficios de la consolidación de carga:</strong><br />✅ Reducción de costos operativos al compartir el espacio de transporte.<br />✅ Mayor eficiencia logística, optimizando rutas y tiempos de entrega.<br />✅ Menor impacto ambiental, reduciendo la cantidad de viajes y emisiones de CO₂.<br />✅ Satisfacción del cliente, garantizando entregas más rápidas y organizadas.</p><p>Nuestro servicio está diseñado para empresas que buscan una solución flexible y rentable en la gestión de su logística de transporte.</p>								</div>
				</div>
				</div>
		<div class="elementor-element elementor-element-9001515 e-con-full e-flex e-con e-child" data-id="9001515" data-element_type="container" data-e-type="container" data-settings="{&quot;motion_fx_motion_fx_scrolling&quot;:&quot;yes&quot;,&quot;motion_fx_translateY_effect&quot;:&quot;yes&quot;,&quot;_ha_eqh_enable&quot;:false,&quot;motion_fx_translateY_speed&quot;:{&quot;unit&quot;:&quot;px&quot;,&quot;size&quot;:4,&quot;sizes&quot;:[]},&quot;motion_fx_translateY_affectedRange&quot;:{&quot;unit&quot;:&quot;%&quot;,&quot;size&quot;:&quot;&quot;,&quot;sizes&quot;:{&quot;start&quot;:0,&quot;end&quot;:100}},&quot;motion_fx_devices&quot;:[&quot;desktop&quot;,&quot;tablet&quot;,&quot;mobile&quot;]}">
				<div class="elementor-element elementor-element-fe73005 elementor-widget elementor-widget-image" data-id="fe73005" data-element_type="widget" data-e-type="widget" data-widget_type="image.default">
				<div class="elementor-widget-container">
															<img decoding="async" src="https://pronterrestre.com/sa/wp-content/uploads/elementor/thumbs/consolidacion1-r1fa5q2140fq9lpsfukguz4nnhpdnhoyargrfug7a8.jpg" title="consolidacion1" alt="consolidacion1" loading="lazy" />															</div>
				</div>
				</div>
					</div>
				</div>
				</div>

<p>CONSOLIDACIÓN Y DESCONSOLIDACIÓN DE CARGA Ofrecemos un servicio especializado de consolidación y desconsolidación de carga, diseñado para optimizar el transporte, reducir costos y mejorar la eficiencia en la cadena de suministro. La consolidación de carga consiste en agrupar múltiples envíos pequeños en una sola unidad de transporte más grande. Esto permite a las empresas optimizar [&hellip;]</p>
