{"id":14919,"date":"2025-01-12T18:57:51","date_gmt":"2025-01-12T23:57:51","guid":{"rendered":"https:\/\/pronterrestre.com\/sa\/?page_id=14919"},"modified":"2025-02-18T19:45:47","modified_gmt":"2025-02-19T00:45:47","slug":"mercancia-en-contenedores","status":"publish","type":"page","link":"https:\/\/pronterrestre.com\/sa\/mercancia-en-contenedores\/","title":{"rendered":"Mercanc\u00eda en contenedores"},"content":{"rendered":"\t\t<div data-elementor-type=\"wp-page\" data-elementor-id=\"14919\" class=\"elementor elementor-14919\" data-elementor-settings=\"{&quot;ha_cmc_init_switcher&quot;:&quot;no&quot;}\" data-elementor-post-type=\"page\">\n\t\t\t\t<div class=\"elementor-element elementor-element-26d403c e-con-full e-flex e-con e-parent\" data-id=\"26d403c\" data-element_type=\"container\" data-e-type=\"container\" data-settings=\"{&quot;background_background&quot;:&quot;classic&quot;,&quot;shape_divider_top&quot;:&quot;mountains&quot;,&quot;background_motion_fx_motion_fx_scrolling&quot;:&quot;yes&quot;,&quot;background_motion_fx_motion_fx_mouse&quot;:&quot;yes&quot;,&quot;background_motion_fx_mouseTrack_effect&quot;:&quot;yes&quot;,&quot;background_motion_fx_devices&quot;:[&quot;desktop&quot;,&quot;tablet&quot;,&quot;mobile&quot;],&quot;background_motion_fx_mouseTrack_speed&quot;:{&quot;unit&quot;:&quot;px&quot;,&quot;size&quot;:1,&quot;sizes&quot;:[]},&quot;_ha_eqh_enable&quot;:false}\">\n\t\t\t\t<div class=\"elementor-shape elementor-shape-top\" aria-hidden=\"true\" data-negative=\"false\">\n\t\t\t<svg xmlns=\"http:\/\/www.w3.org\/2000\/svg\" viewBox=\"0 0 1000 100\" preserveAspectRatio=\"none\">\n\t<path class=\"elementor-shape-fill\" opacity=\"0.33\" d=\"M473,67.3c-203.9,88.3-263.1-34-320.3,0C66,119.1,0,59.7,0,59.7V0h1000v59.7 c0,0-62.1,26.1-94.9,29.3c-32.8,3.3-62.8-12.3-75.8-22.1C806,49.6,745.3,8.7,694.9,4.7S492.4,59,473,67.3z\"\/>\n\t<path class=\"elementor-shape-fill\" opacity=\"0.66\" d=\"M734,67.3c-45.5,0-77.2-23.2-129.1-39.1c-28.6-8.7-150.3-10.1-254,39.1 s-91.7-34.4-149.2,0C115.7,118.3,0,39.8,0,39.8V0h1000v36.5c0,0-28.2-18.5-92.1-18.5C810.2,18.1,775.7,67.3,734,67.3z\"\/>\n\t<path class=\"elementor-shape-fill\" d=\"M766.1,28.9c-200-57.5-266,65.5-395.1,19.5C242,1.8,242,5.4,184.8,20.6C128,35.8,132.3,44.9,89.9,52.5C28.6,63.7,0,0,0,0 h1000c0,0-9.9,40.9-83.6,48.1S829.6,47,766.1,28.9z\"\/>\n<\/svg>\t\t<\/div>\n\t\t<div class=\"elementor-element elementor-element-ec217ee e-con-full e-flex e-con e-child\" data-id=\"ec217ee\" data-element_type=\"container\" data-e-type=\"container\" data-settings=\"{&quot;_ha_eqh_enable&quot;:false}\">\n\t\t\t\t<div class=\"elementor-element elementor-element-8889c28 elementor-widget elementor-widget-heading\" data-id=\"8889c28\" data-element_type=\"widget\" data-e-type=\"widget\" data-widget_type=\"heading.default\">\n\t\t\t\t<div class=\"elementor-widget-container\">\n\t\t\t\t\t<h2 class=\"elementor-heading-title elementor-size-default\">MERCANCIA EN CONTENEDORES<\/h2>\t\t\t\t<\/div>\n\t\t\t\t<\/div>\n\t\t\t\t<\/div>\n\t\t\t\t<\/div>\n\t\t<div class=\"elementor-element elementor-element-013dfc8 e-flex e-con-boxed e-con e-parent\" data-id=\"013dfc8\" data-element_type=\"container\" data-e-type=\"container\" data-settings=\"{&quot;shape_divider_bottom&quot;:&quot;triangle-asymmetrical&quot;,&quot;_ha_eqh_enable&quot;:false}\">\n\t\t\t\t\t<div class=\"e-con-inner\">\n\t\t\t\t<div class=\"elementor-shape elementor-shape-bottom\" aria-hidden=\"true\" data-negative=\"false\">\n\t\t\t<svg xmlns=\"http:\/\/www.w3.org\/2000\/svg\" viewBox=\"0 0 1000 100\" preserveAspectRatio=\"none\">\n\t<path class=\"elementor-shape-fill\" d=\"M738,99l262-93V0H0v5.6L738,99z\"\/>\n<\/svg>\t\t<\/div>\n\t\t<div class=\"elementor-element elementor-element-b8a2cac e-con-full e-flex e-con e-child\" data-id=\"b8a2cac\" data-element_type=\"container\" data-e-type=\"container\" data-settings=\"{&quot;motion_fx_motion_fx_scrolling&quot;:&quot;yes&quot;,&quot;motion_fx_translateY_effect&quot;:&quot;yes&quot;,&quot;_ha_eqh_enable&quot;:false,&quot;motion_fx_translateY_speed&quot;:{&quot;unit&quot;:&quot;px&quot;,&quot;size&quot;:4,&quot;sizes&quot;:[]},&quot;motion_fx_translateY_affectedRange&quot;:{&quot;unit&quot;:&quot;%&quot;,&quot;size&quot;:&quot;&quot;,&quot;sizes&quot;:{&quot;start&quot;:0,&quot;end&quot;:100}},&quot;motion_fx_devices&quot;:[&quot;desktop&quot;,&quot;tablet&quot;,&quot;mobile&quot;]}\">\n\t\t\t\t<div class=\"elementor-element elementor-element-9251925 elementor-widget elementor-widget-image\" data-id=\"9251925\" data-element_type=\"widget\" data-e-type=\"widget\" data-widget_type=\"image.default\">\n\t\t\t\t<div class=\"elementor-widget-container\">\n\t\t\t\t\t\t\t\t\t\t\t\t\t\t\t<img decoding=\"async\" src=\"https:\/\/pronterrestre.com\/sa\/wp-content\/uploads\/elementor\/thumbs\/mercancia-contenedores1-r1ewfqxfhe7yux8rwtpp04n12qg5htn61t5l1wvf8g.jpg\" title=\"mercancia-contenedores1\" alt=\"mercancia-contenedores1\" loading=\"lazy\" \/>\t\t\t\t\t\t\t\t\t\t\t\t\t\t\t<\/div>\n\t\t\t\t<\/div>\n\t\t\t\t<\/div>\n\t\t<div class=\"elementor-element elementor-element-7a704ca e-con-full e-flex e-con e-child\" data-id=\"7a704ca\" data-element_type=\"container\" data-e-type=\"container\" data-settings=\"{&quot;_ha_eqh_enable&quot;:false}\">\n\t\t\t\t<div class=\"elementor-element elementor-element-8b6ba4c elementor-widget elementor-widget-text-editor\" data-id=\"8b6ba4c\" data-element_type=\"widget\" data-e-type=\"widget\" data-widget_type=\"text-editor.default\">\n\t\t\t\t<div class=\"elementor-widget-container\">\n\t\t\t\t\t\t\t\t\t<div><p style=\"text-align: justify;\">somos especialistas en el transporte de contenedores en Colombia, ofreciendo una red log\u00edstica que abarca m\u00e1s de 1,100 destinos a nivel nacional. Nos encargamos de todo el proceso log\u00edstico, desde la planificaci\u00f3n y coordinaci\u00f3n de citas hasta la recolecci\u00f3n, transporte y entrega final, asegurando eficiencia y cumplimiento en cada operaci\u00f3n.<\/p><p style=\"text-align: justify;\"><span style=\"color: var( --e-global-color-e7fcb22 ); font-family: var( --e-global-typography-text-font-family ), Sans-serif; font-weight: var( --e-global-typography-text-font-weight ); text-align: var(--text-align);\">Brindamos soluciones tanto para contenedores completos (FCL) como consolidados (LCL), optimizando costos y tiempos de entrega. Adem\u00e1s, garantizamos la devoluci\u00f3n segura de contenedores vac\u00edos al puerto de origen, cumpliendo con todos los requisitos operativos y normativos.<\/span><\/p><\/div>\t\t\t\t\t\t\t\t<\/div>\n\t\t\t\t<\/div>\n\t\t\t\t<\/div>\n\t\t\t\t\t<\/div>\n\t\t\t\t<\/div>\n\t\t<div class=\"elementor-element elementor-element-501e856 e-flex e-con-boxed e-con e-parent\" data-id=\"501e856\" data-element_type=\"container\" data-e-type=\"container\" data-settings=\"{&quot;background_background&quot;:&quot;classic&quot;,&quot;shape_divider_bottom&quot;:&quot;triangle-asymmetrical&quot;,&quot;_ha_eqh_enable&quot;:false}\">\n\t\t\t\t\t<div class=\"e-con-inner\">\n\t\t\t\t<div class=\"elementor-shape elementor-shape-bottom\" aria-hidden=\"true\" data-negative=\"false\">\n\t\t\t<svg xmlns=\"http:\/\/www.w3.org\/2000\/svg\" viewBox=\"0 0 1000 100\" preserveAspectRatio=\"none\">\n\t<path class=\"elementor-shape-fill\" d=\"M738,99l262-93V0H0v5.6L738,99z\"\/>\n<\/svg>\t\t<\/div>\n\t\t<div class=\"elementor-element elementor-element-3d4406a e-con-full e-flex e-con e-child\" data-id=\"3d4406a\" data-element_type=\"container\" data-e-type=\"container\" data-settings=\"{&quot;_ha_eqh_enable&quot;:false}\">\n\t\t\t\t<div class=\"elementor-element elementor-element-95efc7f elementor-widget elementor-widget-text-editor\" data-id=\"95efc7f\" data-element_type=\"widget\" data-e-type=\"widget\" data-widget_type=\"text-editor.default\">\n\t\t\t\t<div class=\"elementor-widget-container\">\n\t\t\t\t\t\t\t\t\t<p style=\"text-align: justify;\"><strong>Nuestros Servicios:<\/strong><br \/>Transporte puerta a puerta: Gestionamos la recolecci\u00f3n y entrega desde y hacia los principales puertos del pa\u00eds, como Cartagena y Buenaventura, asegurando un proceso \u00e1gil y confiable gracias a nuestra infraestructura tecnol\u00f3gica.<\/p><p style=\"text-align: justify;\"><strong>Disponibilidad 24\/7:<\/strong> Nuestro equipo est\u00e1 operativo en todo momento para atender sus necesidades y responder de manera inmediata ante cualquier requerimiento.<\/p><p style=\"text-align: justify;\"><strong>M\u00e1xima seguridad:<\/strong> Implementamos estrictos protocolos de seguridad, monitoreo y control en tiempo real para garantizar la protecci\u00f3n de su carga durante todo el trayecto.<\/p><p style=\"text-align: justify;\"><strong>Seguros de carga:<\/strong> Contamos con p\u00f3lizas especializadas para brindar mayor tranquilidad y respaldo en cada env\u00edo. Adem\u00e1s, ofrecemos procesos digitalizados que agilizan la documentaci\u00f3n y entrega.<\/p><p style=\"text-align: justify;\">Ya sea que necesite movilizar un contenedor completo o consolidado, en Transportes Alza y Bare\u00f1o nos aseguramos de que su mercanc\u00eda llegue a destino de forma segura, eficiente y puntual. Conf\u00ede en nosotros para sus operaciones de transporte de contenedores en Colombia.<\/p>\t\t\t\t\t\t\t\t<\/div>\n\t\t\t\t<\/div>\n\t\t\t\t<\/div>\n\t\t<div class=\"elementor-element elementor-element-9001515 e-con-full e-flex e-con e-child\" data-id=\"9001515\" data-element_type=\"container\" data-e-type=\"container\" data-settings=\"{&quot;motion_fx_motion_fx_scrolling&quot;:&quot;yes&quot;,&quot;motion_fx_translateY_effect&quot;:&quot;yes&quot;,&quot;_ha_eqh_enable&quot;:false,&quot;motion_fx_translateY_speed&quot;:{&quot;unit&quot;:&quot;px&quot;,&quot;size&quot;:4,&quot;sizes&quot;:[]},&quot;motion_fx_translateY_affectedRange&quot;:{&quot;unit&quot;:&quot;%&quot;,&quot;size&quot;:&quot;&quot;,&quot;sizes&quot;:{&quot;start&quot;:0,&quot;end&quot;:100}},&quot;motion_fx_devices&quot;:[&quot;desktop&quot;,&quot;tablet&quot;,&quot;mobile&quot;]}\">\n\t\t\t\t<div class=\"elementor-element elementor-element-fe73005 elementor-widget elementor-widget-image\" data-id=\"fe73005\" data-element_type=\"widget\" data-e-type=\"widget\" data-widget_type=\"image.default\">\n\t\t\t\t<div class=\"elementor-widget-container\">\n\t\t\t\t\t\t\t\t\t\t\t\t\t\t\t<img decoding=\"async\" src=\"https:\/\/pronterrestre.com\/sa\/wp-content\/uploads\/elementor\/thumbs\/mercancia-contenedores1a-r1ewfrv9o8996j7erc4bkmeho4bipiqwdxt2j6u128.jpg\" title=\"mercancia-contenedores1a\" alt=\"mercancia-contenedores1a\" loading=\"lazy\" \/>\t\t\t\t\t\t\t\t\t\t\t\t\t\t\t<\/div>\n\t\t\t\t<\/div>\n\t\t\t\t<\/div>\n\t\t\t\t\t<\/div>\n\t\t\t\t<\/div>\n\t\t\t\t<\/div>\n\t\t","protected":false},"excerpt":{"rendered":"<p>MERCANCIA EN CONTENEDORES somos especialistas en el transporte de contenedores en Colombia, ofreciendo una red log\u00edstica que abarca m\u00e1s de 1,100 destinos a nivel nacional. Nos encargamos de todo el proceso log\u00edstico, desde la planificaci\u00f3n y coordinaci\u00f3n de citas hasta la recolecci\u00f3n, transporte y entrega final, asegurando eficiencia y cumplimiento en cada operaci\u00f3n. Brindamos soluciones [&hellip;]<\/p>\n","protected":false},"author":1,"featured_media":0,"parent":0,"menu_order":0,"comment_status":"closed","ping_status":"closed","template":"elementor_header_footer","meta":{"_joinchat":[],"footnotes":""},"folder":[],"class_list":["post-14919","page","type-page","status-publish","hentry"],"_links":{"self":[{"href":"https:\/\/pronterrestre.com\/sa\/wp-json\/wp\/v2\/pages\/14919","targetHints":{"allow":["GET"]}}],"collection":[{"href":"https:\/\/pronterrestre.com\/sa\/wp-json\/wp\/v2\/pages"}],"about":[{"href":"https:\/\/pronterrestre.com\/sa\/wp-json\/wp\/v2\/types\/page"}],"author":[{"embeddable":true,"href":"https:\/\/pronterrestre.com\/sa\/wp-json\/wp\/v2\/users\/1"}],"replies":[{"embeddable":true,"href":"https:\/\/pronterrestre.com\/sa\/wp-json\/wp\/v2\/comments?post=14919"}],"version-history":[{"count":13,"href":"https:\/\/pronterrestre.com\/sa\/wp-json\/wp\/v2\/pages\/14919\/revisions"}],"predecessor-version":[{"id":15592,"href":"https:\/\/pronterrestre.com\/sa\/wp-json\/wp\/v2\/pages\/14919\/revisions\/15592"}],"wp:attachment":[{"href":"https:\/\/pronterrestre.com\/sa\/wp-json\/wp\/v2\/media?parent=14919"}],"wp:term":[{"taxonomy":"folder","embeddable":true,"href":"https:\/\/pronterrestre.com\/sa\/wp-json\/wp\/v2\/folder?post=14919"}],"curies":[{"name":"wp","href":"https:\/\/api.w.org\/{rel}","templated":true}]}}

Mercancía en contenedores

<div data-elementor-type="wp-page" data-elementor-id="14919" class="elementor elementor-14919" data-elementor-settings="{&quot;ha_cmc_init_switcher&quot;:&quot;no&quot;}" data-elementor-post-type="page">
				<div class="elementor-element elementor-element-26d403c e-con-full e-flex e-con e-parent" data-id="26d403c" data-element_type="container" data-e-type="container" data-settings="{&quot;background_background&quot;:&quot;classic&quot;,&quot;shape_divider_top&quot;:&quot;mountains&quot;,&quot;background_motion_fx_motion_fx_scrolling&quot;:&quot;yes&quot;,&quot;background_motion_fx_motion_fx_mouse&quot;:&quot;yes&quot;,&quot;background_motion_fx_mouseTrack_effect&quot;:&quot;yes&quot;,&quot;background_motion_fx_devices&quot;:[&quot;desktop&quot;,&quot;tablet&quot;,&quot;mobile&quot;],&quot;background_motion_fx_mouseTrack_speed&quot;:{&quot;unit&quot;:&quot;px&quot;,&quot;size&quot;:1,&quot;sizes&quot;:[]},&quot;_ha_eqh_enable&quot;:false}">
				<div class="elementor-shape elementor-shape-top" aria-hidden="true" data-negative="false">
			<svg xmlns="http://www.w3.org/2000/svg" viewBox="0 0 1000 100" preserveAspectRatio="none">
	<path class="elementor-shape-fill" opacity="0.33" d="M473,67.3c-203.9,88.3-263.1-34-320.3,0C66,119.1,0,59.7,0,59.7V0h1000v59.7 c0,0-62.1,26.1-94.9,29.3c-32.8,3.3-62.8-12.3-75.8-22.1C806,49.6,745.3,8.7,694.9,4.7S492.4,59,473,67.3z"/>
	<path class="elementor-shape-fill" opacity="0.66" d="M734,67.3c-45.5,0-77.2-23.2-129.1-39.1c-28.6-8.7-150.3-10.1-254,39.1 s-91.7-34.4-149.2,0C115.7,118.3,0,39.8,0,39.8V0h1000v36.5c0,0-28.2-18.5-92.1-18.5C810.2,18.1,775.7,67.3,734,67.3z"/>
	<path class="elementor-shape-fill" d="M766.1,28.9c-200-57.5-266,65.5-395.1,19.5C242,1.8,242,5.4,184.8,20.6C128,35.8,132.3,44.9,89.9,52.5C28.6,63.7,0,0,0,0 h1000c0,0-9.9,40.9-83.6,48.1S829.6,47,766.1,28.9z"/>
</svg>		</div>
		<div class="elementor-element elementor-element-ec217ee e-con-full e-flex e-con e-child" data-id="ec217ee" data-element_type="container" data-e-type="container" data-settings="{&quot;_ha_eqh_enable&quot;:false}">
				<div class="elementor-element elementor-element-8889c28 elementor-widget elementor-widget-heading" data-id="8889c28" data-element_type="widget" data-e-type="widget" data-widget_type="heading.default">
				<div class="elementor-widget-container">
					<h2 class="elementor-heading-title elementor-size-default">MERCANCIA EN CONTENEDORES</h2>				</div>
				</div>
				</div>
				</div>
		<div class="elementor-element elementor-element-013dfc8 e-flex e-con-boxed e-con e-parent" data-id="013dfc8" data-element_type="container" data-e-type="container" data-settings="{&quot;shape_divider_bottom&quot;:&quot;triangle-asymmetrical&quot;,&quot;_ha_eqh_enable&quot;:false}">
					<div class="e-con-inner">
				<div class="elementor-shape elementor-shape-bottom" aria-hidden="true" data-negative="false">
			<svg xmlns="http://www.w3.org/2000/svg" viewBox="0 0 1000 100" preserveAspectRatio="none">
	<path class="elementor-shape-fill" d="M738,99l262-93V0H0v5.6L738,99z"/>
</svg>		</div>
		<div class="elementor-element elementor-element-b8a2cac e-con-full e-flex e-con e-child" data-id="b8a2cac" data-element_type="container" data-e-type="container" data-settings="{&quot;motion_fx_motion_fx_scrolling&quot;:&quot;yes&quot;,&quot;motion_fx_translateY_effect&quot;:&quot;yes&quot;,&quot;_ha_eqh_enable&quot;:false,&quot;motion_fx_translateY_speed&quot;:{&quot;unit&quot;:&quot;px&quot;,&quot;size&quot;:4,&quot;sizes&quot;:[]},&quot;motion_fx_translateY_affectedRange&quot;:{&quot;unit&quot;:&quot;%&quot;,&quot;size&quot;:&quot;&quot;,&quot;sizes&quot;:{&quot;start&quot;:0,&quot;end&quot;:100}},&quot;motion_fx_devices&quot;:[&quot;desktop&quot;,&quot;tablet&quot;,&quot;mobile&quot;]}">
				<div class="elementor-element elementor-element-9251925 elementor-widget elementor-widget-image" data-id="9251925" data-element_type="widget" data-e-type="widget" data-widget_type="image.default">
				<div class="elementor-widget-container">
															<img decoding="async" src="https://pronterrestre.com/sa/wp-content/uploads/elementor/thumbs/mercancia-contenedores1-r1ewfqxfhe7yux8rwtpp04n12qg5htn61t5l1wvf8g.jpg" title="mercancia-contenedores1" alt="mercancia-contenedores1" loading="lazy" />															</div>
				</div>
				</div>
		<div class="elementor-element elementor-element-7a704ca e-con-full e-flex e-con e-child" data-id="7a704ca" data-element_type="container" data-e-type="container" data-settings="{&quot;_ha_eqh_enable&quot;:false}">
				<div class="elementor-element elementor-element-8b6ba4c elementor-widget elementor-widget-text-editor" data-id="8b6ba4c" data-element_type="widget" data-e-type="widget" data-widget_type="text-editor.default">
				<div class="elementor-widget-container">
									<div><p style="text-align: justify;">somos especialistas en el transporte de contenedores en Colombia, ofreciendo una red logística que abarca más de 1,100 destinos a nivel nacional. Nos encargamos de todo el proceso logístico, desde la planificación y coordinación de citas hasta la recolección, transporte y entrega final, asegurando eficiencia y cumplimiento en cada operación.</p><p style="text-align: justify;"><span style="color: var( --e-global-color-e7fcb22 ); font-family: var( --e-global-typography-text-font-family ), Sans-serif; font-weight: var( --e-global-typography-text-font-weight ); text-align: var(--text-align);">Brindamos soluciones tanto para contenedores completos (FCL) como consolidados (LCL), optimizando costos y tiempos de entrega. Además, garantizamos la devolución segura de contenedores vacíos al puerto de origen, cumpliendo con todos los requisitos operativos y normativos.</span></p></div>								</div>
				</div>
				</div>
					</div>
				</div>
		<div class="elementor-element elementor-element-501e856 e-flex e-con-boxed e-con e-parent" data-id="501e856" data-element_type="container" data-e-type="container" data-settings="{&quot;background_background&quot;:&quot;classic&quot;,&quot;shape_divider_bottom&quot;:&quot;triangle-asymmetrical&quot;,&quot;_ha_eqh_enable&quot;:false}">
					<div class="e-con-inner">
				<div class="elementor-shape elementor-shape-bottom" aria-hidden="true" data-negative="false">
			<svg xmlns="http://www.w3.org/2000/svg" viewBox="0 0 1000 100" preserveAspectRatio="none">
	<path class="elementor-shape-fill" d="M738,99l262-93V0H0v5.6L738,99z"/>
</svg>		</div>
		<div class="elementor-element elementor-element-3d4406a e-con-full e-flex e-con e-child" data-id="3d4406a" data-element_type="container" data-e-type="container" data-settings="{&quot;_ha_eqh_enable&quot;:false}">
				<div class="elementor-element elementor-element-95efc7f elementor-widget elementor-widget-text-editor" data-id="95efc7f" data-element_type="widget" data-e-type="widget" data-widget_type="text-editor.default">
				<div class="elementor-widget-container">
									<p style="text-align: justify;"><strong>Nuestros Servicios:</strong><br />Transporte puerta a puerta: Gestionamos la recolección y entrega desde y hacia los principales puertos del país, como Cartagena y Buenaventura, asegurando un proceso ágil y confiable gracias a nuestra infraestructura tecnológica.</p><p style="text-align: justify;"><strong>Disponibilidad 24/7:</strong> Nuestro equipo está operativo en todo momento para atender sus necesidades y responder de manera inmediata ante cualquier requerimiento.</p><p style="text-align: justify;"><strong>Máxima seguridad:</strong> Implementamos estrictos protocolos de seguridad, monitoreo y control en tiempo real para garantizar la protección de su carga durante todo el trayecto.</p><p style="text-align: justify;"><strong>Seguros de carga:</strong> Contamos con pólizas especializadas para brindar mayor tranquilidad y respaldo en cada envío. Además, ofrecemos procesos digitalizados que agilizan la documentación y entrega.</p><p style="text-align: justify;">Ya sea que necesite movilizar un contenedor completo o consolidado, en Transportes Alza y Bareño nos aseguramos de que su mercancía llegue a destino de forma segura, eficiente y puntual. Confíe en nosotros para sus operaciones de transporte de contenedores en Colombia.</p>								</div>
				</div>
				</div>
		<div class="elementor-element elementor-element-9001515 e-con-full e-flex e-con e-child" data-id="9001515" data-element_type="container" data-e-type="container" data-settings="{&quot;motion_fx_motion_fx_scrolling&quot;:&quot;yes&quot;,&quot;motion_fx_translateY_effect&quot;:&quot;yes&quot;,&quot;_ha_eqh_enable&quot;:false,&quot;motion_fx_translateY_speed&quot;:{&quot;unit&quot;:&quot;px&quot;,&quot;size&quot;:4,&quot;sizes&quot;:[]},&quot;motion_fx_translateY_affectedRange&quot;:{&quot;unit&quot;:&quot;%&quot;,&quot;size&quot;:&quot;&quot;,&quot;sizes&quot;:{&quot;start&quot;:0,&quot;end&quot;:100}},&quot;motion_fx_devices&quot;:[&quot;desktop&quot;,&quot;tablet&quot;,&quot;mobile&quot;]}">
				<div class="elementor-element elementor-element-fe73005 elementor-widget elementor-widget-image" data-id="fe73005" data-element_type="widget" data-e-type="widget" data-widget_type="image.default">
				<div class="elementor-widget-container">
															<img decoding="async" src="https://pronterrestre.com/sa/wp-content/uploads/elementor/thumbs/mercancia-contenedores1a-r1ewfrv9o8996j7erc4bkmeho4bipiqwdxt2j6u128.jpg" title="mercancia-contenedores1a" alt="mercancia-contenedores1a" loading="lazy" />															</div>
				</div>
				</div>
					</div>
				</div>
				</div>

<p>MERCANCIA EN CONTENEDORES somos especialistas en el transporte de contenedores en Colombia, ofreciendo una red logística que abarca más de 1,100 destinos a nivel nacional. Nos encargamos de todo el proceso logístico, desde la planificación y coordinación de citas hasta la recolección, transporte y entrega final, asegurando eficiencia y cumplimiento en cada operación. Brindamos soluciones [&hellip;]</p>
